{"id":669,"date":"2021-11-24T11:46:45","date_gmt":"2021-11-24T10:46:45","guid":{"rendered":"http:\/\/honzabehunek.com\/new\/?page_id=669"},"modified":"2026-03-26T15:37:02","modified_gmt":"2026-03-26T14:37:02","slug":"gear","status":"publish","type":"page","link":"https:\/\/honzabehunek.com\/new\/gear\/","title":{"rendered":"GEAR"},"content":{"rendered":"\n<figure class=\"wp-block-embed aligncenter is-type-video is-provider-youtube wp-block-embed-youtube wp-embed-aspect-16-9 wp-has-aspect-ratio\"><div class=\"wp-block-embed__wrapper\">\n<div class='embed-container'><iframe loading=\"lazy\" title=\"Kytarov\u00e1 zbrojnice - Honza &quot;Kirk&quot; B\u011bhunek\" width=\"1920\" height=\"1080\" src=\"https:\/\/www.youtube.com\/embed\/SlB3EOAqK9I?feature=oembed\" frameborder=\"0\" allow=\"accelerometer; autoplay; clipboard-write; encrypted-media; gyroscope; picture-in-picture; web-share\" referrerpolicy=\"strict-origin-when-cross-origin\" allowfullscreen><\/iframe><\/div>\n<\/div><\/figure>\n\n\n<div id=\"clients-1\" class=\"clients-4 content-section content-section-spacing-small\" style=\"background-color: #000000; background-image: none;\" data-label=\"Clients\" data-id=\"clients--1\" data-export-id=\"clients-4\" data-category=\"clients\">\n<div class=\"gridContainer\">\n<div class=\"row\">\n<div class=\"section-title-col\" data-type=\"column\">&nbsp;<\/div>\n<\/div>\n<div class=\"row spaced-cols middle-xs center-xs space-bottom padding-lr\" data-type=\"row\">\n<div class=\"col-xs-6 col-sm-2 col-md-4\"><a class=\"button big force-shadow color7 white-text\" href=\"https:\/\/www.ibanez.com\/usa\/artists\/detail\/19.html\" target=\"_self\" rel=\"noopener\" data-cp-link=\"1\" data-icon=\"\">KYTARY \u2013 IBANEZ<\/a><\/div>\n<div class=\"col-xs-6 col-sm-2 col-md-4\"><a class=\"button big force-shadow color7 white-text\" href=\"https:\/\/legacy.mesaboogie.com\/artist\/honza-kirk-behunek.html\" target=\"_self\" rel=\"noopener\" data-cp-link=\"1\" data-icon=\"\">ZESILOVA\u010cE \u2013 MESA BOOGIE<\/a><\/div>\n<div class=\"col-xs-6 col-sm-2 col-md-4\"><a class=\"button big force-shadow color7 white-text\" href=\"https:\/\/www.hdramplification.com\/cz\/artists.html\" target=\"_self\" rel=\"noopener\" data-cp-link=\"1\" data-icon=\"\">ZESILOVA\u010cE \u2013 HDR AMPLIFICATION<\/a><\/div>\n<div><a class=\"button big force-shadow color7 white-text\" href=\"http:\/\/www.blacksmithstrings.com\/artists\/read.jsp?reqPageNo=1&amp;scategory_fk=2&amp;stype=all&amp;no=30&amp;scategory_name=Czech%20Republic\" target=\"_self\" rel=\"noopener\" data-cp-link=\"1\" data-icon=\"\">STRUNY &#8211; BLACKSMITH<\/a><\/div>\n<div><a class=\"button big force-shadow color7 white-text\" href=\"\/kytary\" target=\"_self\" rel=\"noopener\" data-cp-link=\"1\" data-icon=\"\">KYTARY<\/a><\/div>\n<div>&nbsp;<\/div>\n<\/div>\n<\/div>\n<\/div>\n<div id=\"testimonials-1\" class=\"testimonials-1 content-section content-section-spacing\" style=\"background-color: #000000; background-image: none;\" data-label=\"Testimonials\" data-id=\"testimonials--1\" data-export-id=\"testimonials-1\" data-category=\"testimonials\">\n<div class=\"gridContainer\">\n<div class=\"row\">\n<div class=\"section-title-col\" data-type=\"column\">\n<p class=\"lead\"><span style=\"color: #ffffff; font-weight: 600;\">Honzova aktu\u00e1ln\u00ed podiov\u00e1 sestava byla pops\u00e1na v \u010dasopise Muzikus 02\/2014, s jeho\u017e laskav\u00fdm svolen\u00edm \u010dl\u00e1nek zve\u0159ej\u0148ujeme.<\/span><\/p>\n<\/div>\n<\/div>\n<div class=\"row spaced-cols content-center-sm\" data-type=\"row\">\n<div class=\"col-sm-4 col-md-12\"><a class=\"button big force-shadow color7 white-text\" href=\"http:\/\/www.muzikus.cz\/homepage\" target=\"_self\" rel=\"noopener\" data-cp-link=\"1\" data-icon=\"\">MUZIKUS<\/a><\/div>\n<\/div>\n<\/div>\n<\/div>\n<div id=\"content-1\" class=\"content-12 content-section content-section-spacing\" style=\"background-color: #000000; background-image: none;\" data-label=\"Content\" data-id=\"content--1\" data-export-id=\"content-12\" data-category=\"content\">\n<div class=\"gridContainer\">\n<div class=\"row text-center\">\n<div class=\"section-title-col\" data-type=\"column\"><img decoding=\"async\" class=\"custom-image\" title=\"gear_muzikus\" src=\"http:\/\/honzabehunek.com\/new\/wp-content\/uploads\/2021\/11\/gear_muzikus.jpg\" alt=\"\"><\/div>\n<\/div>\n<div class=\"row center-xs middle-xs\">\n<div class=\"col-sm-9\" data-type=\"column\">&nbsp;<\/div>\n<\/div>\n<\/div>\n<\/div>","protected":false},"excerpt":{"rendered":"<p>&nbsp; KYTARY \u2013 IBANEZ ZESILOVA\u010cE \u2013 MESA BOOGIE ZESILOVA\u010cE \u2013 HDR AMPLIFICATION STRUNY &#8211; BLACKSMITH KYTARY &nbsp; Honzova aktu\u00e1ln\u00ed podiov\u00e1 sestava byla pops\u00e1na v \u010dasopise Muzikus 02\/2014, s jeho\u017e laskav\u00fdm svolen\u00edm \u010dl\u00e1nek zve\u0159ej\u0148ujeme. MUZIKUS &nbsp;<\/p>\n","protected":false},"author":2,"featured_media":0,"parent":0,"menu_order":0,"comment_status":"closed","ping_status":"closed","template":"pro\/page-templates\/full-width-page.php","meta":{"ngg_post_thumbnail":0,"footnotes":""},"class_list":["post-669","page","type-page","status-publish","hentry"],"_links":{"self":[{"href":"https:\/\/honzabehunek.com\/new\/wp-json\/wp\/v2\/pages\/669","targetHints":{"allow":["GET"]}}],"collection":[{"href":"https:\/\/honzabehunek.com\/new\/wp-json\/wp\/v2\/pages"}],"about":[{"href":"https:\/\/honzabehunek.com\/new\/wp-json\/wp\/v2\/types\/page"}],"author":[{"embeddable":true,"href":"https:\/\/honzabehunek.com\/new\/wp-json\/wp\/v2\/users\/2"}],"replies":[{"embeddable":true,"href":"https:\/\/honzabehunek.com\/new\/wp-json\/wp\/v2\/comments?post=669"}],"version-history":[{"count":9,"href":"https:\/\/honzabehunek.com\/new\/wp-json\/wp\/v2\/pages\/669\/revisions"}],"predecessor-version":[{"id":1082,"href":"https:\/\/honzabehunek.com\/new\/wp-json\/wp\/v2\/pages\/669\/revisions\/1082"}],"wp:attachment":[{"href":"https:\/\/honzabehunek.com\/new\/wp-json\/wp\/v2\/media?parent=669"}],"curies":[{"name":"wp","href":"https:\/\/api.w.org\/{rel}","templated":true}]}}